. Suppose -v + 61 = 4*f, 0 = -5*v - m*f + 8*f + 284. Let d be (2/4)/(1/38). Calculate the highest common divisor of d and v.
19
Let v(k) = 16*k**2 - 8*k - 20. Let f be v(-2). Calculate the highest common divisor of 555 and f.
15
Suppose 6*r + 1105 = 6289. Calculate the greatest common factor of r and 512.
32
Let u(s) = -18*s - 314. Let t be u(-18). What is the greatest common divisor of t and 8335?
5
Suppose 4*m = 2*k + 122 + 604, m = -5*k + 165. Suppose 3*u + 492 = 534. Let h be u*2/7 - -32. What is the greatest common divisor of h and m?
36
Let k = 24 + -20. Let q(u) = -20*u + 11. Let a be q(k). Let j = a - -129. Calculate the greatest common divisor of j and 30.
30
Let h(v) = 26*v**2 + v - 20. Let b be h(4). Let o be (0 + 0)/(-1) + b. Calculate the highest common factor of 25 and o.
25
Let r(b) = -3*b - 6. Let o be r(-5). Suppose -2420*u + 22797 = -2271*u. What is the greatest common divisor of u and o?
9
Let m(h) = h**2 - 5*h - 29. Let s be m(-9). Let a = -94 + s. Suppose 27 = 2*k + a. What is the highest common factor of 30 and k?
6
Let t = -5 + 11. Suppose 62*a + 5*x = 57*a + 250, -4*a - x = -194. Calculate the greatest common factor of t and a.
6
Suppose q - 476 = -2*b, 3*b - 952 = -b + 4*q. Calculate the greatest common divisor of b and 51.
17
Suppose -39*x + 65 = -26*x. Suppose 0 = -x*p + o + 1248, -4*p + 8*p - 5*o - 1011 = 0. What is the highest common factor of 83 and p?
83
Let p be (-2)/(-8) + (-2639)/(-4). Let t(y) = 43*y + 1995. Let d be t(-45). What is the highest common factor of d and p?
60
Suppose -72*g = 73*g - 147*g + 144. Let d = -139 - -202. What is the highest common divisor of d and g?
9
Let y be 16371 - (5 + (-55)/(14 + -3)). Calculate the highest common divisor of 153 and y.
153
Let d be 16*(-36001)/(-148) - (0 - 5). Calculate the highest common factor of d and 81.
9
Let a(m) = 4*m**3 + 45*m**2 + 7*m - 85. Let r be a(13). Calculate the highest common factor of r and 31.
31
Let b be 41/(2952/(-80)) - 584660/(-18). Calculate the highest common divisor of b and 160.
160
Suppose -146 = -3*u - 17*y + 19*y, -3*y + 256 = 5*u. What is the highest common divisor of u and 1350?
50
Let d(l) = -l**2 - 15*l + 154. Let o be d(7). Suppose o = 10*h - 36 + 16. Calculate the greatest common factor of h and 32.
2
Let r = 19785 + -10356. Calculate the highest common factor of r and 21.
21
Let z be ((-8)/(-2))/((-76)/(-247)). Let w(u) = u**2 - 2*u + 4. Suppose -3*r = -2*r - 7. Let l be w(r). Calculate the greatest common factor of z and l.
13
Suppose 0 = 15*v + 8 - 2738. Let m = v - 72. Suppose -5*d + 75 = -m. Calculate the greatest common divisor of d and 74.
37
Suppose 30*q + 1135 = -9*q + 10651. What is the highest common divisor of 38308 and q?
244
Let r be (-2 - 1446/(-20)) + 21/(-1470)*21. What is the highest common factor of 4210 and r?
10
Let k = -375 + 379. Suppose -k*z - 5*x + 791 = 206, 2*x + 756 = 5*z. Calculate the highest common factor of 75 and z.
75
Suppose -35*l + 36*l = -5*w + 151, -3*w = -l - 89. Suppose -5*o = 74 - 349. What is the highest common divisor of o and w?
5
Let a = -3290 + 3303. Calculate the greatest common divisor of 871 and a.
13
Let w = -29236 + 29254. Suppose -4*u - u = -1080. Calculate the greatest common divisor of u and w.
18
Suppose 38*h = 114*h - 629508. Calculate the greatest common divisor of h and 11.
11
Suppose 2*u + 2*d = 18876 - 3124, 0 = -4*u + 5*d + 31468. What is the highest common divisor of u and 246?
246
Suppose -5 = 5*b, 7*l + b + 13 = 11*l. Suppose -2*q - 29 + 77 = -3*c, 4*c - 38 = -l*q. Calculate the greatest common factor of 27 and q.
9
Suppose -2*b = b - 21. Let a be (13/(-1))/(10 + -25 + 14). Let j = a - b. What is the greatest common factor of j and 3?
3
Suppose 3*n = -2*o + o + 36, -n = 5*o - 236. Let z(m) = -1704*m - 23796. Let r be z(-14). What is the greatest common divisor of r and o?
12
Let a be 1/2*(3 + 15752/8). What is the highest common factor of 136 and a?
34
Suppose 35 = 4*t - 9*t. Let q(f) be the first derivative of f**3 + 8*f**2 - 7*f + 356. Let c be q(t). Calculate the greatest common divisor of 2 and c.
2
Let d be (-3)/(41/70 + 6/(-21)). Let j be 18 + 1 - 6*5/d. Let h be (j/(-3) + 0)/((-1)/3). Calculate the greatest common factor of 11 and h.
11
Let v = 1127 - 92. Suppose 0 = -14*a + 1210 + 2010. What is the highest common divisor of v and a?
115
Suppose 7*t - 2*t - 20 = 0. Suppose -t*w + 35 = 371. Let i = w - -138. Calculate the greatest common factor of i and 36.
18
Let z be 5964/(8 + -2) + -5. What is the highest common factor of 184 and z?
23
Suppose 0 = 5*f - 20, 693*f - 744 = -4*t + 692*f. Calculate the greatest common factor of t and 5069.
37
Let v be (75255/(-725) - -104) + (-748)/(-10) + 0. Let h(o) = 30*o**2 + 2*o + 1. Let d be h(2). What is the greatest common divisor of v and d?
25
Let v(j) = j**3 - 33*j**2 + 81*j - 307. Let p be v(33). Calculate the highest common factor of p and 338.
338
Let x = -174 - -293. Suppose 3*g - 83 = -2*i, -i = 3*g - 0*g - 49. What is the highest common divisor of x and i?
17
Let r(v) = 7*v**2 + 8*v - 2. Let j be ((-3)/(-5) - 0) + 196/(-35). Let z be r(j). Let y = 141 - z. Calculate the greatest common divisor of 20 and y.
4
Suppose -2*c + 7 = 2*x - 3, 3*x = 15. Let s be 620 + c + -8 + 4. Calculate the highest common factor of 77 and s.
77
Let j = -35193 + 37355. What is the highest common divisor of 184 and j?
46
Suppose -1316*w + 1311*w = -950. Calculate the highest common divisor of 410 and w.
10
Let l(u) = 21*u - 5. Let v be l(6). Let h = -36 + v. Let b(j) = 2*j**2 + 72*j + 87. Let x be b(-35). Calculate the greatest common divisor of h and x.
17
Let k be (-15)/(-9)*13/(-5)*(-44 - -32). Calculate the greatest common factor of 604 and k.
4
Let t be (152070/1295)/(6/28). Calculate the highest common factor of 3 and t.
1
Let j = -23773 - -27153. What is the greatest common divisor of j and 12?
4
Suppose -2*z - 60*b + 322 = -58*b, z - 137 = 3*b. Calculate the greatest common divisor of 372 and z.
31
Let r(b) = 9*b**2 + 31*b + 1264. Let p be r(-67). What is the greatest common divisor of p and 12?
12
Suppose 1781*l - 22960 = 1699*l. What is the greatest common factor of l and 105?
35
Let s(w) = 494*w + 3468. Let b be s(-7). Let p(x) = 4 + x + x**3 + x - 6*x**2 - x. Let z be p(6). What is the greatest common factor of z and b?
10
Let t(v) = -42*v - 12 + 2 - 5*v**2 + v**2 - 16 + 3*v**2. Let f be t(-10). Calculate the greatest common divisor of 392 and f.
98
Suppose 3 = -h, 2*u = -37*h + 38*h + 65. Calculate the greatest common factor of 1643 and u.
31
Let w be (-398)/(-10) - 1/(-5). Suppose 283*l - 1111 = -401 + 2120. What is the greatest common factor of l and w?
10
Suppose -4*i + 5*b = -906, -10*i + 20*i = b + 2242. Calculate the greatest common divisor of i and 7328.
32
Suppose -2772*s = -2751*s - 47439. What is the greatest common divisor of 27 and s?
9
Suppose 7*w + 161 = 11*w + 5*a, 0 = -4*w - a + 173. Let k be (-10)/(-2)*(0 - -1). Let u = k - -17. Calculate the greatest common factor of u and w.
22
Suppose -3*u = -v - 129, -144*u + 12*v = -142*u - 52. Let a = 97 + -64. Calculate the greatest common divisor of a and u.
11
Suppose 3*x + 3 = 4*x. Suppose x*f = 10 + 137. Suppose 7*y - 8*y + f = 0. Calculate the highest common factor of 7 and y.
7
Let y = 3268 - 3193. What is the greatest common factor of 145 and y?
5
Let w = -455 - -483. Let m(j) = -j**3 + 27*j**2 + 42*j - 28. Let q be m(w). Calculate the greatest common divisor of q and 91.
91
Suppose -42*f = 18*f + 15*f - 48000. Calculate the greatest common divisor of 16 and f.
16
Let y be 1 + 3 - 3 - -4. Suppose y*s + 355 = 5*d - 0*d, -2*d = 4*s - 166. Let m = 77 - d. Calculate the greatest common factor of m and 14.
2
Let d = 9 - 6. Suppose g + 2*g + 3*x = 108, g + d*x - 36 = 0. Suppose 4*w - g = w. What is the greatest common factor of 18 and w?
6
Let s be (-3)/((-15)/4309) + ((-352)/(-40))/(-11). What is the highest common divisor of s and 63?
21
Let k be (-4)/(8/22)*-1. Let d = 23 - k. Suppose 129*c = 139*c - 40. Calculate the highest common divisor of c and d.
4
Let r = 36 - -24. Let g be 2*(-1 + (-57)/3). Let c be g/6*(-54)/12. What is the greatest common divisor of r and c?
30
Let g be -1 + (-32)/(-7 - -5). Let i = 45 + -42. What is the greatest common facto